 the remainder when f is divided by 1?
0
Let j(v) = -v**3 + v. Let g(o) = -7*o**3 + 7*o**2 + 17*o - 12. Let w(k) = g(k) - 6*j(k). Let c = -35 - -57. What is the remainder when c is divided by w(8)?
10
Suppose -t + 5*t = 44. Calculate the remainder when 41/((-2 + -1)*(-11)/33) is divided by t.
8
Let u(y) = -y**3 - 10*y**2 - 10*y - 7. What is the remainder when u(-9) is divided by 2?
0
Let j = 19 - -1. Suppose -8*v + 13*v = j. Calculate the remainder when 15 is divided by v.
3
Let u(g) = g**3 - 11*g**2 - 12*g + 3. Let w be u(12). Suppose 4*j = 2*j + 2*n + 32, 3*j = -w*n + 30. What is the remainder when 36 is divided by j?
10
Suppose -3*y + 4 + 2 = 0. Calculate the remainder when (-1 - y)/(3/(-17)) is divided by 5.
2
Let i(z) = 15*z**2 + z + 3. Calculate the remainder when 304 is divided by i(-1).
15
Let t be 5/2*(-6)/(-1). What is the remainder when (10/t)/(4/294) is divided by 13?
10
Let w(f) = -8*f. Let o(j) = j + 1. Calculate the remainder when w(-2) is divided by o(8).
7
Let p be (-2)/1*3/(-2). Suppose 4*b - l = 76, -2*b + b - p*l = -32. Suppose -3*u + 25 = -b. Calculate the remainder when u is divided by 8.
7
Let d(x) = -x**3 + 10*x**2 + 2*x - 7. Let r(a) = -a**3 - 3*a**2 - 4*a + 4. Calculate the remainder when r(-4) is divided by d(10).
10
Let d(n) = -n**2 - 27*n + 26. Calculate the remainder when d(-23) is divided by 15.
13
What is the remainder when (39/65)/((-2)/10) + 39 is divided by 20?
16
Let b be 1 - ((2 - 5) + 1). Suppose -2*k = 5*g - 26, -b*g = 3*k - 7*g - 16. What is the remainder when 14 is divided by k?
6
What is the remainder when (5*-6)/((-9)/6) is divided by (-2)/1 + (-2 - -15)?
9
Let d = -1 - -4. Suppose -d*q - b + 32 = 9, -10 = -5*q + 4*b. Calculate the remainder when 21 is divided by q.
3
Suppose 9*n - 4*n = -3*c + 331, -5*n - 4*c = -328. Suppose -3*l - 3*k + 49 = k, 0 = -5*l + 5*k + 140. Calculate the remainder when n is divided by l.
22
Calculate the remainder when (-265 + -5 + 1 + 1)/(-2) is divided by 27.
26
Let d be 4/8*(-2 - -4). Let w = 5 - d. Suppose 0*i - w*i + 52 = 0. What is the remainder when 37 is divided by i?
11
Let z be 92/22 + 4/(-22). Suppose 4*c + 0*c - 108 = -4*k, 5*k - z*c = 90. What is the remainder when 65 is divided by k?
21
Suppose 2*l - 98 - 78 = 0. Calculate the remainder when l is divided by 30.
28
Let o(t) = 30*t - 4. What is the remainder when o(3) is divided by 29?
28
Let t = 8 + -4. Suppose 16 = p + t*g, 1 - 2 = g. Calculate the remainder when 57/2*16/12 is divided by p.
18
Let v(z) = 2*z + 22. Let u be v(-10). Calculate the remainder when (u - 32/6)*-3 is divided by ((-2)/(-4))/(2/16).
2
Let h be (-3)/(-1) + (0 - -15). What is the remainder when 8 is divided by ((-5)/2)/((-9)/h)?
3
Let q be ((-2)/(-6))/(4/168). Let z = q - -15. What is the remainder when z is divided by 8?
5
Let t = -80 - -121. What is the remainder when t is divided by 22?
19
Let w(p) = -p**3 - p**2 - 3. What is the remainder when 1 is divided by w(-2)?
0
Let r = -57 - -91. Calculate the remainder when r is divided by 10.
4
Suppose -3*s + 72 = 12. What is the remainder when 114 is divided by s?
14
Let n(m) = m - 4. Let c be n(-6). Calculate the remainder when (-264)/c + (-22)/55 is divided by 10.
6
Suppose -3*c + 2*q + 109 = 0, 3*c - 8*q = -3*q + 97. What is the remainder when c is divided by 10?
9
Let w(q) = q**3 + 7*q**2 + 1. Calculate the remainder when 1 is divided by w(-7).
0
Let f = -8 - -18. Calculate the remainder when f is divided by 4.
2
Let u(o) = 10*o - 4. What is the remainder when u(5) is divided by 12?
10
Suppose 5*g = 5*k - 120, -4*k + 2*g = -0*g - 90. What is the remainder when 61 is divided by k?
19
Suppose -99 = -5*c - 19. Let f = 42 - 71. Let y = -20 - f. What is the remainder when c is divided by y?
7
Let n = -5 + 5. Suppose 2*q = 2*h + 40, n*q + h = -2*q + 40. Suppose -5*x + 5 = -q. Calculate the remainder when x is divided by 2.
1
Let r(s) = 5*s**3 - 7*s**2 - s - 3. Let o(v) = 11*v**3 - 15*v**2 - 2*v - 7. Let y(f) = -4*o(f) + 9*r(f). Calculate the remainder when y(4) is divided by 5.
3
Suppose 3*x - 18 = -3*q, 5*x - 28 = -q - 3*q. Suppose -60 = -x*i - 4*k, k + 65 = 2*i + i. Calculate the remainder when 59 is divided by i.
19
Let t(y) = -13*y - 14. Calculate the remainder when t(-3) is divided by 6.
1
Let y = 45 + -24. Let o = -117 + 179. Calculate the remainder when o is divided by y.
20
Suppose 0 = -4*c - c + 5. What is the remainder when 3 is divided by c?
0
Let f be 6/(-27) + (-2)/(-9). Let h(i) = i**3 - 6*i**2 + 2*i. Calculate the remainder when h(6) is divided by ((-14)/(-2))/(1 + f).
5
Let x = -81 + 84. What is the remainder when 23 is divided by x?
2
Let d = 34 + -18. What is the remainder when d is divided by 5?
1
Suppose -5*u + 3 = 4*n, 3*u + 3*n = -0*u. Suppose -7*i + 40 = -3*i - 2*b, 0 = -u*i - b + 35. Calculate the remainder when 30 is divided by i.
8
What is the remainder when 9 is divided by 15/(-10)*(-8)/2?
3
What is the remainder when 1218/26 - 4/(-26) is divided by 13?
8
What is the remainder when -1 + (-12)/(-9)*3 is divided by 2?
1
Let o be (-2 - -1)*-1 + -1. Let z(u) = -u + 4. What is the remainder when 9 is divided by z(o)?
1
Let d(x) = -x**2 + 5*x - 1. Let f be d(3). Suppose -13 - 17 = 5*i + 5*s, 0 = 4*i - f*s - 12. What is the remainder when 32 is divided by -1*17*(i + 1)?
15
Suppose -4*d - 9 = -213. Suppose 3*b + 2*n - d = 0, 0*n = 2*b + n - 33. Let u = b - 8. Calculate the remainder when u is divided by 3.
1
Suppose 2*p - 52 = -0*p. Let o(z) = 2*z**2 - 10*z + 7. Suppose 3*q - 6 = 9. What is the remainder when p is divided by o(q)?
5
Suppose -1 = -4*x + 39. Calculate the remainder when x is divided by 8.
2
Let s(n) = -2*n**3 - 2*n**2 + 7*n - 1. Calculate the remainder when s(-3) is divided by 4.
2
Let d be (60/18)/(2/6). Let y = d + -1. Let q(s) = -s**3 + s**2 - s + 26. Calculate the remainder when q(0) is divided by y.
8
Suppose 0 = 5*d - 5*s - 3 - 47, 0 = s. Let t = -18 - -46. Suppose 4*l - 4*v = 0, -3*l + 2*v - t = -8*l. Calculate the remainder when d is divided by l.
2
Calculate the remainder when 32 is divided by ((-15)/5 - 1)*-3.
8
Let m be 15*(1 + (-1)/(-1)). Suppose -g = -21 - 27. Let i = g - m. What is the remainder when i is divided by 10?
8
Let w(t) = -8*t + 3. Let n be (2/(-6))/(8/(-96)). Let d be n/(-6)*6/1. What is the remainder when w(d) is divided by 12?
11
Let p = -3 - 9. Calculate the remainder when p/((-10)/(-14) - 1) is divided by 11.
9
Suppose 2*d = 18 - 6. Suppose -d*b + b = -235. What is the remainder when b is divided by 16?
15
Let z = 0 - 2. Let w = z + 18. Calculate the remainder when 47 is divided by w.
15
Let r be 1*(0 - -1) + -6. Let b(h) = -h - 2. Calculate the remainder when 7 is divided by b(r).
1
Let s = 69 + -41. What is the remainder when 109 is divided by s?
25
Suppose -5*n + 44 = 19. Suppose -n*i = a - 292, a = -0*a + 2. Calculate the remainder when i is divided by 15.
13
Let a(m) = 27*m**2 - m - 3. What is the remainder when a(2) is divided by 21?
19
Suppose -3*p - p = -24. Calculate the remainder when ((-21)/p)/((-1)/12) is divided by 15.
12
Let y = -23 - -27. What is the remainder when 30 is divided by y?
2
Let d be (5/(-3) - -1)*-3. Suppose 0 = -d*p - 0*p + 84. Suppose 0*r + 42 = 4*x + r, -5*r = 4*x - 34. Calculate the remainder when p is divided by x.
9
Let x = 2 + 80. Calculate the remainder when x is divided by 21.
19
Let p = -1 + 3. Suppose 2 = -5*i + 7. Suppose 2*x - 8 = -4*q, -1 = -4*q - 5*x + i. Calculate the remainder when q is divided by p.
1
Let m = -2 + 18. Suppose 43 = 3*z + 2*a, -2*z = a - 14 - m. What is the remainder when 66 is divided by z?
15
Let b = -38 - -43. Calculate the remainder when 11 is divided by b.
1
Suppose 0 = -3*c - z + 3*z + 99, 0 = -5*c - 4*z + 165. Calculate the remainder when c is divided by 22.
11
Let j = 36 - 20. Suppose -m + 6*m - 10 = 0. Suppose -s + 3*a = -62 + 4, m*s - 3*a = 104. What is the remainder when s is divided by j?
14
What is the remainder when 29 is divided by 44/6 - 8/(-12)?
5
Let q be 8 + -1 + (1 - -2). Suppose 0 = p - 0*p - q. What is the remainder when 38 is divided by p?
8
Suppose -6*h + 20 = -h. Let j be h - -51 - (-1 + -1). Let b = j + -40. What is the remainder when b is divided by 10?
7
Suppose -4 = 2*m - 22. Suppose 2*y - 53 = -m. Calculate the remainder when 64 is divi